{"id":507,"date":"2016-04-07T14:53:14","date_gmt":"2016-04-07T12:53:14","guid":{"rendered":"http:\/\/null.4jbs.de\/?page_id=507"},"modified":"2016-04-21T11:42:02","modified_gmt":"2016-04-21T09:42:02","slug":"betrieb-bad-grossenfels","status":"publish","type":"page","link":"https:\/\/null.4jbs.de\/?page_id=507","title":{"rendered":"Betriebsstelle Bad Gro\u00dfenfels"},"content":{"rendered":"<h5>Bahnhofsdatenblatt<\/h5>\n<h6>Schematischer Gleisplan<\/h6>\n<figure id=\"attachment_635\" aria-describedby=\"caption-attachment-635\" style=\"width: 598px\" class=\"wp-caption alignnone\"><img loading=\"lazy\" decoding=\"async\" class=\"wp-image-635 size-full\" src=\"http:\/\/null.4jbs.de\/wp-content\/uploads\/2016\/04\/Stellpult-Bad-Gro\u00dfenfels.jpg\" alt=\"Stellpult Bad Gro\u00dfenfels\" width=\"598\" height=\"376\" srcset=\"https:\/\/null.4jbs.de\/wp-content\/uploads\/2016\/04\/Stellpult-Bad-Gro\u00dfenfels.jpg 598w, https:\/\/null.4jbs.de\/wp-content\/uploads\/2016\/04\/Stellpult-Bad-Gro\u00dfenfels-300x189.jpg 300w\" sizes=\"auto, (max-width: 598px) 85vw, 598px\" \/><figcaption id=\"caption-attachment-635\" class=\"wp-caption-text\">Stellpult Bad Gro\u00dfenfels<\/figcaption><\/figure>\n<h6>Belegungsplan<\/h6>\n<p>Die Gleise von Bad Gro\u00dfenfels werden im Allgemeinen wie folgt verwendet:<\/p>\n<ul>\n<li>Gleis\u00a01:\u00a0Bahnsteiggleis f\u00fcr Z\u00fcge Richtung H\u00f6henseen und f\u00fcr\u00a0Rangieraufgaben im G\u00fcterverkehr<\/li>\n<li>Gleis 1a: Abstellgleis f\u00fcr \u00fcbernachtende Personenzuggarnitur sowie f\u00fcr Abstell- und Rangieraufgaben im G\u00fcterverkehr<\/li>\n<li>Gleis 1b: Abstellgleis f\u00fcr \u00fcbernachtenden Schienenbus (VT+VS) sowie f\u00fcr Abstell- und Rangieraufgaben im G\u00fcterverkehr<\/li>\n<li>Gleis 2\/2a: Bahnsteiggleis f\u00fcr Wendez\u00fcge (und kurze Z\u00fcge mit Lokumsetzen) Richtung Immburg<\/li>\n<li>Gleis 3\/3a: Bahnsteiggleis f\u00fcr den Eilzug und den Personenzug Richtung Immburg sowie Ein\/Ausfahrgleis f\u00fcr den Nahg\u00fcterzug<\/li>\n<li>Gleis 3b: Behandlungsgleis Bw (Kohle, L\u00f6sche, Wasser und Diesel)<\/li>\n<li>Gleise 3c\/3d: Lokschuppengleise f\u00fcr die \u00dcbernachtung einer BR24\u00a0sowie V60 und BR80 hintereinander<\/li>\n<li>Gleise 3e: Lokschuppengleis K\u00f6f<\/li>\n<li>Gleis 4: G\u00fcterschuppen und Ladestra\u00dfe<\/li>\n<li>Gleis 4a: Ladestra\u00dfe mit Bockkran und Kombirampe<\/li>\n<li>Gleis 5: Anschluss Schlossbrauerei<\/li>\n<\/ul>\n<h5>Bahnhofsfahrordnung<\/h5>\n<h6>Generelles<\/h6>\n<p>Ein- und Ausfahrsignal k\u00f6nnen nur auf Fahrt gestellt werden, wenn die Drehscheibe in Grundstellung verriegelt ist, weil bei einer Drehung das Lichtraumprofil des Ein-\/Ausfahrtgleises eingeschr\u00e4nkt ist. Diese Einschr\u00e4nkung im Betrieb ergab sich nach dem Umbau der Drehscheibe von 12 auf 14m B\u00fchnenl\u00e4nge. Eine Verlegung der Drehscheibe war aufgrund der \u00f6rtlichen Gegebenheiten nicht m\u00f6glich.<\/p>\n<p>Es gibt nur ein gemeinsames Ausfahrsignal sowie hohe Sperrsignale\u00a0f\u00fcr Gleise aus denen Ausfahrten m\u00f6glich sind (Gleise 1-3).<\/p>\n<h6>Eilzug Richtung Immburg<\/h6>\n<p>Der Eilzug aus Immburg f\u00e4hrt in Gleis 3\/3a ein und die V200 wird abgekuppelt. Nachdem die Reisenden ausgestiegen sind, zieht die K\u00f6f die Garnitur ins Bahnhofsvorfeld in Richtung von Gleis 5\u00a0so dass\u00a0die V200 ins Bw rollen und der Lokf\u00fchrer die Sozialr\u00e4ume im Verwaltungsgeb\u00e4ude aufsuchen kann. Ggf. kann auch Diesel nachgetankt werden. Sobald Gleis 3\/3a frei sind, dr\u00fcckt die K\u00f6f die Garnitur wieder bis zum Bahnsteigende zur\u00fcck und f\u00e4hrt selbst aus dem Weg um andere Rangieraufgaben zu verrichten. Jetzt kann die V200 wieder an ihren Zug fahren und auf die Abfahrzeit und -Signal warten.<\/p>\n<h6>Personenzug Richtung Immburg<\/h6>\n<p>Der Personenzug aus Immburg f\u00e4hrt in Gleis 3\/3a ein und die Lok, eine BR24 oder V100, wird abgekuppelt.\u00a0Da f\u00fcr diesen Zug ein planm\u00e4\u00dfiger\u00a0Lokwechsel vorgesehen ist,\u00a0kommt\u00a0eine neue Lok\u00a0gleicher Baureihe aus dem Bw und setzt sich vor den Zug. Abfahrt\u00a0gem\u00e4\u00df Fahrplan und nach Abfahrsignal.<\/p>\n<p>Nach der letzten Fahrt des Tages rangiert die K\u00f6f die Wagengarnitur zur \u00dcbernachtung\u00a0in Gleis 1a. Die Lok f\u00e4hrt ins Bw und nach Behandlung und ggf. Drehen in den Lokschuppen. F\u00fcr den Morgenzug schiebt die K\u00f6f die Wagengarnitur wieder auf Gleis 3\/3a und die Lok kommt aus dem Bw zur\u00fcck.<\/p>\n<h6>Wendezug Richtung Immburg<\/h6>\n<p>Der Wendezug aus Immburg mit BR64 und drei Donnerb\u00fcchsen f\u00e4hrt in Gleis 2\/2a ein und gem\u00e4\u00df Fahrplan nach Abfahrsignal wieder raus.<\/p>\n<h6>Wendezug und Schienenbus Richtung H\u00f6henseen<\/h6>\n<p>Der V36-Wendezug im Wechsel mit dem Schienenbus f\u00e4hrt in Gleis 1 ein und gem\u00e4\u00df Fahrplan nach Abfahrsignal wieder raus.<\/p>\n<p>Nach der letzten Fahrt des Tages setzt der Schienenbus auf Gleis 1b zur\u00fcck um dort \u00fcber Nacht zu bleiben. F\u00fcr die erste Leistung in Richtung H\u00f6henseen wird der Schienenbus wieder auf Gleis 1 bereitgestellt. Die V36 bleibt in H\u00f6henseen \u00fcber Nacht.<\/p>\n<h6>Nahg\u00fcterzug<\/h6>\n<p>Der Ng f\u00e4hrt auf Gleis 3 ein und die Lok, eine BR24 oder V100 wird abgekuppelt.<\/p>\n<p>Da der Hintere Teil des Zuges f\u00fcr die Bahnh\u00f6fe Steinbrock, Steinbrock F\u00e4hre und H\u00f6henseen bestimmt ist, wird dieser (h\u00e4ndisch) abgetrennt. Eine V60 aus dem Bw kommend setzt sich vor diese Fuhre und\u00a0f\u00e4hrt als \u00dcg\u00a0gem\u00e4\u00df Fahrplan nach\u00a0Signalisierung\u00a0ab.<\/p>\n<p>Der verbleibende Teil wird von der K\u00f6f auf die lokalen\u00a0Ladestellen verteilt.<\/p>\n<p>Der Begleitwagen wird auf Gleis 1b abgestellt und die BR24 bzw. V100 f\u00e4hrt ins Bw.<\/p>\n<p>Kommt Zeit \u2013 kommt mehr Text \ud83d\ude42<\/p>\n","protected":false},"excerpt":{"rendered":"<p>Bahnhofsdatenblatt Schematischer Gleisplan Belegungsplan Die Gleise von Bad Gro\u00dfenfels werden im Allgemeinen wie folgt verwendet: Gleis\u00a01:\u00a0Bahnsteiggleis f\u00fcr Z\u00fcge Richtung H\u00f6henseen und f\u00fcr\u00a0Rangieraufgaben im G\u00fcterverkehr Gleis 1a: Abstellgleis f\u00fcr \u00fcbernachtende Personenzuggarnitur sowie f\u00fcr Abstell- und Rangieraufgaben im G\u00fcterverkehr Gleis 1b: Abstellgleis f\u00fcr \u00fcbernachtenden Schienenbus (VT+VS) sowie f\u00fcr Abstell- und Rangieraufgaben im G\u00fcterverkehr Gleis 2\/2a: Bahnsteiggleis f\u00fcr &hellip; <a href=\"https:\/\/null.4jbs.de\/?page_id=507\" class=\"more-link\"><span class=\"screen-reader-text\">\u201eBetriebsstelle Bad Gro\u00dfenfels\u201c<\/span> weiterlesen<\/a><\/p>\n","protected":false},"author":1,"featured_media":0,"parent":0,"menu_order":0,"comment_status":"closed","ping_status":"closed","template":"","meta":{"footnotes":""},"class_list":["post-507","page","type-page","status-publish","hentry"],"_links":{"self":[{"href":"https:\/\/null.4jbs.de\/index.php?rest_route=\/wp\/v2\/pages\/507","targetHints":{"allow":["GET"]}}],"collection":[{"href":"https:\/\/null.4jbs.de\/index.php?rest_route=\/wp\/v2\/pages"}],"about":[{"href":"https:\/\/null.4jbs.de\/index.php?rest_route=\/wp\/v2\/types\/page"}],"author":[{"embeddable":true,"href":"https:\/\/null.4jbs.de\/index.php?rest_route=\/wp\/v2\/users\/1"}],"replies":[{"embeddable":true,"href":"https:\/\/null.4jbs.de\/index.php?rest_route=%2Fwp%2Fv2%2Fcomments&post=507"}],"version-history":[{"count":10,"href":"https:\/\/null.4jbs.de\/index.php?rest_route=\/wp\/v2\/pages\/507\/revisions"}],"predecessor-version":[{"id":642,"href":"https:\/\/null.4jbs.de\/index.php?rest_route=\/wp\/v2\/pages\/507\/revisions\/642"}],"wp:attachment":[{"href":"https:\/\/null.4jbs.de\/index.php?rest_route=%2Fwp%2Fv2%2Fmedia&parent=507"}],"curies":[{"name":"wp","href":"https:\/\/api.w.org\/{rel}","templated":true}]}}