{"id":304,"date":"2016-03-13T14:28:34","date_gmt":"2016-03-13T13:28:34","guid":{"rendered":"http:\/\/null.4jbs.de\/?page_id=304"},"modified":"2016-03-13T14:50:11","modified_gmt":"2016-03-13T13:50:11","slug":"uebersichtsplan","status":"publish","type":"page","link":"https:\/\/null.4jbs.de\/?page_id=304","title":{"rendered":"\u00dcbersichtsplan"},"content":{"rendered":"<p>Nachfolgend sind die, in der Konzeption vorgestellten Bahnh\u00f6fe und ihre Verbindungen in einer schematischen Form dargestellt.<\/p>\n<p><img loading=\"lazy\" decoding=\"async\" class=\"alignnone wp-image-305 size-large\" src=\"http:\/\/null.4jbs.de\/wp-content\/uploads\/2016\/03\/\u00dcbersicht-Bahnh\u00f6fe-1024x301.png\" alt=\"\u00dcbersicht Bahnh\u00f6fe\" width=\"840\" height=\"247\" srcset=\"https:\/\/null.4jbs.de\/wp-content\/uploads\/2016\/03\/\u00dcbersicht-Bahnh\u00f6fe-1024x301.png 1024w, https:\/\/null.4jbs.de\/wp-content\/uploads\/2016\/03\/\u00dcbersicht-Bahnh\u00f6fe-300x88.png 300w, https:\/\/null.4jbs.de\/wp-content\/uploads\/2016\/03\/\u00dcbersicht-Bahnh\u00f6fe-768x226.png 768w, https:\/\/null.4jbs.de\/wp-content\/uploads\/2016\/03\/\u00dcbersicht-Bahnh\u00f6fe-1200x353.png 1200w, https:\/\/null.4jbs.de\/wp-content\/uploads\/2016\/03\/\u00dcbersicht-Bahnh\u00f6fe.png 1558w\" sizes=\"auto, (max-width: 709px) 85vw, (max-width: 909px) 67vw, (max-width: 1362px) 62vw, 840px\" \/><\/p>\n<p>Weiter mit\u00a0den\u00a0<a href=\"http:\/\/null.4jbs.de\/?page_id=162\"><span style=\"color: #0066cc;\">sichtbaren Betriebsstellen<\/span><\/a>\u00a0im Zusammenhang oder direkt zu den B\u00fchnenbildern <a href=\"http:\/\/null.4jbs.de\/?page_id=218\">Steinbrock<\/a>,\u00a0<a href=\"http:\/\/null.4jbs.de\/?page_id=215\">Bad Gro\u00dfenfels <\/a>oder <a href=\"http:\/\/null.4jbs.de\/?page_id=221\">H\u00f6henseen.<\/a><\/p>\n<p>Hier geht es zu den Bahnh\u00f6fen Immburg und Steinbrock F\u00e4hre im <a href=\"http:\/\/null.4jbs.de\/?page_id=154\">Schatten<\/a>.<\/p>\n","protected":false},"excerpt":{"rendered":"<p>Nachfolgend sind die, in der Konzeption vorgestellten Bahnh\u00f6fe und ihre Verbindungen in einer schematischen Form dargestellt. Weiter mit\u00a0den\u00a0sichtbaren Betriebsstellen\u00a0im Zusammenhang oder direkt zu den B\u00fchnenbildern Steinbrock,\u00a0Bad Gro\u00dfenfels oder H\u00f6henseen. Hier geht es zu den Bahnh\u00f6fen Immburg und Steinbrock F\u00e4hre im Schatten.<\/p>\n","protected":false},"author":1,"featured_media":0,"parent":0,"menu_order":0,"comment_status":"closed","ping_status":"closed","template":"","meta":{"footnotes":""},"class_list":["post-304","page","type-page","status-publish","hentry"],"_links":{"self":[{"href":"https:\/\/null.4jbs.de\/index.php?rest_route=\/wp\/v2\/pages\/304","targetHints":{"allow":["GET"]}}],"collection":[{"href":"https:\/\/null.4jbs.de\/index.php?rest_route=\/wp\/v2\/pages"}],"about":[{"href":"https:\/\/null.4jbs.de\/index.php?rest_route=\/wp\/v2\/types\/page"}],"author":[{"embeddable":true,"href":"https:\/\/null.4jbs.de\/index.php?rest_route=\/wp\/v2\/users\/1"}],"replies":[{"embeddable":true,"href":"https:\/\/null.4jbs.de\/index.php?rest_route=%2Fwp%2Fv2%2Fcomments&post=304"}],"version-history":[{"count":6,"href":"https:\/\/null.4jbs.de\/index.php?rest_route=\/wp\/v2\/pages\/304\/revisions"}],"predecessor-version":[{"id":311,"href":"https:\/\/null.4jbs.de\/index.php?rest_route=\/wp\/v2\/pages\/304\/revisions\/311"}],"wp:attachment":[{"href":"https:\/\/null.4jbs.de\/index.php?rest_route=%2Fwp%2Fv2%2Fmedia&parent=304"}],"curies":[{"name":"wp","href":"https:\/\/api.w.org\/{rel}","templated":true}]}}